{"id":21,"date":"2024-09-21T02:34:57","date_gmt":"2024-09-21T02:34:57","guid":{"rendered":"https:\/\/malibubtlcr.com\/trigas\/?page_id=21"},"modified":"2024-11-11T14:51:10","modified_gmt":"2024-11-11T14:51:10","slug":"nosotros","status":"publish","type":"page","link":"https:\/\/malibubtlcr.com\/trigas\/nosotros\/","title":{"rendered":"Nosotros"},"content":{"rendered":"\n\n  <div class=\"banner has-hover has-parallax\" id=\"banner-290144451\">\n          <div class=\"banner-inner fill\">\n        <div class=\"banner-bg fill\" data-parallax=\"-5\" data-parallax-container=\".banner\" data-parallax-background>\n            <img loading=\"lazy\" decoding=\"async\" width=\"1600\" height=\"900\" src=\"https:\/\/malibubtlcr.com\/trigas\/wp-content\/uploads\/2024\/09\/plant-image-june-2023.jpg\" class=\"bg attachment-original size-original\" alt=\"\" \/>                        <div class=\"overlay\"><\/div>            \n                    <\/div>\n\t\t\n        <div class=\"banner-layers container\">\n            <div class=\"fill banner-link\"><\/div>            \n\n   <div id=\"text-box-250131852\" class=\"text-box banner-layer x50 md-x50 lg-x50 y50 md-y50 lg-y50 res-text\">\n                                <div class=\"text-box-content text dark\">\n              \n              <div class=\"text-inner text-center\">\n                  \n\n<h3 class=\"uppercase\"><strong>Nuestra compa\u00f1\u00eda<\/strong><\/h3>\n\n              <\/div>\n           <\/div>\n                            \n<style>\n#text-box-250131852 {\n  width: 60%;\n}\n#text-box-250131852 .text-box-content {\n  font-size: 100%;\n}\n<\/style>\n    <\/div>\n \n\n        <\/div>\n      <\/div>\n\n            \n<style>\n#banner-290144451 {\n  padding-top: 300px;\n}\n#banner-290144451 .overlay {\n  background-color: rgba(0, 0, 0, 0.453);\n}\n@media (min-width:550px) {\n  #banner-290144451 {\n    padding-top: 500px;\n  }\n}\n<\/style>\n  <\/div>\n\n\n<div class=\"row row-full-width align-center\"  id=\"row-1125248738\">\n\n\n\t<div id=\"col-659497427\" class=\"col medium-10 small-12 large-10\"  data-animate=\"fadeInUp\">\n\t\t\t\t<div class=\"col-inner\"  >\n\t\t\t\n\t\t\t\n\n<p style=\"text-align: center;\">Desde su fundaci\u00f3n en 1996, TRIGAS es l\u00edder del mercado mediante la operaci\u00f3n de plantas de separaci\u00f3n de aire de \u00faltima generaci\u00f3n, para la obtenci\u00f3n de productos l\u00edquidos y gaseosos criog\u00e9nicos, de pureza ultra-alta, para el mercado industrial, m\u00e9dico, agr\u00edcola y de especialidades. <br \/>Adem\u00e1s, TRIGAS ofrece programas de mantenimiento y construcci\u00f3n para sistemas de tuber\u00edas industriales y m\u00e9dicos, bajo la responsabilidad de ingenieros y t\u00e9cnicos certificados en normas NFPA 99 y ASSE. <br \/>TRIGAS es l\u00edder del mercado en la producci\u00f3n in situ de ox\u00edgeno, nitr\u00f3geno e hidr\u00f3geno gaseosos con respaldo criog\u00e9nico. <br \/>TRIGAS presta servicio a las principales empresas multinacionales y nacionales, as\u00ed como a Hospitales, siendo reconocida por su servicio y calidad.<\/p>\n\n\t\t<\/div>\n\t\t\t\t\n<style>\n#col-659497427 > .col-inner {\n  padding: 20px 0px 20px 0px;\n}\n<\/style>\n\t<\/div>\n\n\t\n\n<\/div>\n<div class=\"row row-collapse row-full-width align-equal align-center\"  id=\"row-673678294\">\n\n\n\t<div id=\"col-21758963\" class=\"col medium-6 small-12 large-6\"  data-animate=\"fadeInLeft\">\n\t\t\t\t<div class=\"col-inner\" style=\"background-color:rgb(28, 54, 120);\" >\n\t\t\t\n\t\t\t\n\n<div class=\"container section-title-container\" ><h3 class=\"section-title section-title-center\"><b><\/b><span class=\"section-title-main\" style=\"color:rgb(255, 255, 255);\">Nuestra misi\u00f3n<\/span><b><\/b><\/h3><\/div>\n\n\t<div id=\"text-4257146725\" class=\"text text-justificado\">\n\t\t\n\n<div>Proporcionar a nuestros clientes soluciones, productos y servicios de la m\u00e1xima calidad, utilizando la tecnolog\u00eda m\u00e1s avanzada y fiable con condiciones competitivas.<\/div>\n\t\t\n<style>\n#text-4257146725 {\n  text-align: center;\n  color: rgb(255, 255, 255);\n}\n#text-4257146725 > * {\n  color: rgb(255, 255, 255);\n}\n<\/style>\n\t<\/div>\n\t\n\n\t\t<\/div>\n\t\t\t\t\n<style>\n#col-21758963 > .col-inner {\n  padding: 25px 25px 25px 25px;\n}\n@media (min-width:550px) {\n  #col-21758963 > .col-inner {\n    padding: 70px 35px 0px 35px;\n  }\n}\n<\/style>\n\t<\/div>\n\n\t\n\n\t<div id=\"col-217512254\" class=\"col medium-6 small-12 large-6\"  data-animate=\"fadeInRight\">\n\t\t\t\t<div class=\"col-inner\"  >\n\t\t\t\n\t\t\t\n\n\t<div class=\"img has-hover x md-x lg-x y md-y lg-y\" id=\"image_435605336\">\n\t\t\t\t\t\t\t\t<div class=\"img-inner image-cover dark\" style=\"padding-top:50%;\">\n\t\t\t<img loading=\"lazy\" decoding=\"async\" width=\"1276\" height=\"1248\" src=\"https:\/\/malibubtlcr.com\/trigas\/wp-content\/uploads\/2024\/09\/coast-Guard.png\" class=\"attachment-original size-original\" alt=\"\" srcset=\"https:\/\/malibubtlcr.com\/trigas\/wp-content\/uploads\/2024\/09\/coast-Guard.png 1276w, https:\/\/malibubtlcr.com\/trigas\/wp-content\/uploads\/2024\/09\/coast-Guard-300x293.png 300w, https:\/\/malibubtlcr.com\/trigas\/wp-content\/uploads\/2024\/09\/coast-Guard-1024x1002.png 1024w, https:\/\/malibubtlcr.com\/trigas\/wp-content\/uploads\/2024\/09\/coast-Guard-768x751.png 768w\" sizes=\"auto, (max-width: 1276px) 100vw, 1276px\" \/>\t\t\t\t\t\t\n\t\t\t\t\t<\/div>\n\t\t\t\t\t\t\t\t\n<style>\n#image_435605336 {\n  width: 100%;\n}\n<\/style>\n\t<\/div>\n\t\n\n\n\t\t<\/div>\n\t\t\t\t\n<style>\n#col-217512254 > .col-inner {\n  padding: 0px 0px 0px 0px;\n  margin: 0px 0px 0px 0px;\n}\n<\/style>\n\t<\/div>\n\n\t\n\n<\/div>\n<div class=\"row row-full-width align-center\"  id=\"row-1065631303\">\n\n\n\t<div id=\"col-1825487441\" class=\"col medium-10 small-12 large-10\"  data-animate=\"fadeInUp\">\n\t\t\t\t<div class=\"col-inner\"  >\n\t\t\t\n\t\t\t\n\n\t<div id=\"text-2685962122\" class=\"text\">\n\t\t\n\n<p style=\"text-align: center;\"><br \/><strong>&#8220;<\/strong>Cuando el producto y el servicio deben ser de calidad, las empresas conf\u00edan en TRIGAS.<strong>&#8220;<\/strong><\/p>\n\t\t\n<style>\n#text-2685962122 {\n  font-size: 1.2rem;\n}\n@media (min-width:550px) {\n  #text-2685962122 {\n    font-size: 1.7rem;\n  }\n}\n<\/style>\n\t<\/div>\n\t\n\n\t\t<\/div>\n\t\t\t\t\n<style>\n#col-1825487441 > .col-inner {\n  padding: 0px 0px 0px 0px;\n  margin: 20px 0px 0px 0px;\n}\n<\/style>\n\t<\/div>\n\n\t\n\n\n<style>\n#row-1065631303 > .col > .col-inner {\n  padding: 0px 0px 0px 0px;\n}\n<\/style>\n<\/div>\n<div class=\"row row-collapse row-full-width align-equal align-center\"  id=\"row-1711067537\">\n\n\n\t<div id=\"col-1200602807\" class=\"col medium-6 small-12 large-6\"  data-animate=\"fadeInLeft\">\n\t\t\t\t<div class=\"col-inner\"  >\n\t\t\t\n\t\t\t\n\n\t<div class=\"img has-hover x md-x lg-x y md-y lg-y\" id=\"image_2120543618\">\n\t\t\t\t\t\t\t\t<div class=\"img-inner image-cover dark\" style=\"padding-top:50%;\">\n\t\t\t<img loading=\"lazy\" decoding=\"async\" width=\"2560\" height=\"1636\" src=\"https:\/\/malibubtlcr.com\/trigas\/wp-content\/uploads\/2024\/09\/tank-2-scaled.jpg\" class=\"attachment-original size-original\" alt=\"\" srcset=\"https:\/\/malibubtlcr.com\/trigas\/wp-content\/uploads\/2024\/09\/tank-2-scaled.jpg 2560w, https:\/\/malibubtlcr.com\/trigas\/wp-content\/uploads\/2024\/09\/tank-2-300x192.jpg 300w, https:\/\/malibubtlcr.com\/trigas\/wp-content\/uploads\/2024\/09\/tank-2-1024x654.jpg 1024w, https:\/\/malibubtlcr.com\/trigas\/wp-content\/uploads\/2024\/09\/tank-2-768x491.jpg 768w, https:\/\/malibubtlcr.com\/trigas\/wp-content\/uploads\/2024\/09\/tank-2-1536x981.jpg 1536w, https:\/\/malibubtlcr.com\/trigas\/wp-content\/uploads\/2024\/09\/tank-2-2048x1309.jpg 2048w\" sizes=\"auto, (max-width: 2560px) 100vw, 2560px\" \/>\t\t\t\t\t\t\n\t\t\t\t\t<\/div>\n\t\t\t\t\t\t\t\t\n<style>\n#image_2120543618 {\n  width: 100%;\n}\n<\/style>\n\t<\/div>\n\t\n\n\n\t\t<\/div>\n\t\t\t\t\t<\/div>\n\n\t\n\n\t<div id=\"col-647445426\" class=\"col medium-6 small-12 large-6\"  data-animate=\"fadeInRight\">\n\t\t\t\t<div class=\"col-inner\" style=\"background-color:rgb(48, 141, 60);\" >\n\t\t\t\n\t\t\t\n\n<div class=\"container section-title-container\" ><h3 class=\"section-title section-title-center\"><b><\/b><span class=\"section-title-main\" style=\"color:rgb(255, 255, 255);\">Nuestra visi\u00f3n<\/span><b><\/b><\/h3><\/div>\n\n\t<div id=\"text-2905394038\" class=\"text text-justificado\">\n\t\t\n\n<div>Ser la empresa l\u00edder en nuestro sector, admirada por su excelente servicio, sus soluciones eficientes y la colaboraci\u00f3n con nuestros clientes.<\/div>\n\t\t\n<style>\n#text-2905394038 {\n  text-align: center;\n  color: rgb(255, 255, 255);\n}\n#text-2905394038 > * {\n  color: rgb(255, 255, 255);\n}\n<\/style>\n\t<\/div>\n\t\n\n\t\t<\/div>\n\t\t\t\t\n<style>\n#col-647445426 > .col-inner {\n  padding: 25px 25px 25px 25px;\n}\n@media (min-width:550px) {\n  #col-647445426 > .col-inner {\n    padding: 70px 35px 0px 35px;\n  }\n}\n<\/style>\n\t<\/div>\n\n\t\n\n<\/div>\n<div class=\"row row-collapse row-full-width align-equal align-center\"  id=\"row-317194054\">\n\n\n\t<div id=\"col-934183300\" class=\"col small-12 large-12\"  >\n\t\t\t\t<div class=\"col-inner\"  >\n\t\t\t\n\t\t\t\n\n<div class=\"container section-title-container\" ><h3 class=\"section-title section-title-center\"><b><\/b><span class=\"section-title-main\" style=\"color:rgb(28, 54, 120);\">Nuestros valores<\/span><b><\/b><\/h3><\/div>\n\n\n\t\t<\/div>\n\t\t\t\t\n<style>\n#col-934183300 > .col-inner {\n  padding: 45px 0px 0px 0px;\n}\n<\/style>\n\t<\/div>\n\n\t\n\n\t<div id=\"col-1559265156\" class=\"col medium-6 small-6 large-6\"  data-animate=\"fadeInUp\">\n\t\t\t\t<div class=\"col-inner\"  >\n\t\t\t\n\t\t\t\n\n\t<div id=\"text-3210813893\" class=\"text\">\n\t\t\n\n<p class='mb-0'><i class=\"fa-solid fa-handshake fa-2xl\"><\/i><\/p>\n\t\t\n<style>\n#text-3210813893 {\n  font-size: 1.95rem;\n  text-align: center;\n  color: #308d3c;\n}\n#text-3210813893 > * {\n  color: #308d3c;\n}\n<\/style>\n\t<\/div>\n\t\n\t<div id=\"text-3971054324\" class=\"text\">\n\t\t\n\n<p class='mt-2'><strong>Confianza y respeto<\/strong><\/p>\n\t\t\n<style>\n#text-3971054324 {\n  font-size: 1.2rem;\n  text-align: center;\n  color: rgb(0,0,0);\n}\n#text-3971054324 > * {\n  color: rgb(0,0,0);\n}\n@media (min-width:550px) {\n  #text-3971054324 {\n    font-size: 1.5rem;\n  }\n}\n<\/style>\n\t<\/div>\n\t\n\n\t\t<\/div>\n\t\t\t\t\n<style>\n#col-1559265156 > .col-inner {\n  margin: 0px 0px 50px 0px;\n}\n<\/style>\n\t<\/div>\n\n\t\n\n\t<div id=\"col-530251072\" class=\"col medium-6 small-6 large-6\"  data-animate=\"fadeInUp\">\n\t\t\t\t<div class=\"col-inner\"  >\n\t\t\t\n\t\t\t\n\n\t<div id=\"text-3759931319\" class=\"text\">\n\t\t\n\n<p class='mb-0'><i class=\"fa-solid fa-shield fa-2xl\"><\/i><\/p>\n\t\t\n<style>\n#text-3759931319 {\n  font-size: 1.95rem;\n  text-align: center;\n  color: #308d3c;\n}\n#text-3759931319 > * {\n  color: #308d3c;\n}\n<\/style>\n\t<\/div>\n\t\n\t<div id=\"text-3042734535\" class=\"text\">\n\t\t\n\n<p class='mt-2'><strong>Seguridad<\/strong><\/p>\n\t\t\n<style>\n#text-3042734535 {\n  font-size: 1.2rem;\n  text-align: center;\n  color: rgb(0,0,0);\n}\n#text-3042734535 > * {\n  color: rgb(0,0,0);\n}\n@media (min-width:550px) {\n  #text-3042734535 {\n    font-size: 1.5rem;\n  }\n}\n<\/style>\n\t<\/div>\n\t\n\n\t\t<\/div>\n\t\t\t\t\t<\/div>\n\n\t\n\n\t<div id=\"col-270085569\" class=\"col medium-6 small-6 large-6\"  data-animate=\"fadeInUp\">\n\t\t\t\t<div class=\"col-inner\"  >\n\t\t\t\n\t\t\t\n\n\t<div id=\"text-2535255905\" class=\"text\">\n\t\t\n\n<p class='mb-0'><i class=\"fa-solid fa-building fa-2xl\"><\/i><\/p>\n\t\t\n<style>\n#text-2535255905 {\n  font-size: 1.95rem;\n  text-align: center;\n  color: #308d3c;\n}\n#text-2535255905 > * {\n  color: #308d3c;\n}\n<\/style>\n\t<\/div>\n\t\n\t<div id=\"text-1679455406\" class=\"text\">\n\t\t\n\n<p class='mt-2'><strong>Responsabilidad empresarial<\/strong><\/p>\n\t\t\n<style>\n#text-1679455406 {\n  font-size: 1.2rem;\n  text-align: center;\n  color: rgb(0,0,0);\n}\n#text-1679455406 > * {\n  color: rgb(0,0,0);\n}\n@media (min-width:550px) {\n  #text-1679455406 {\n    font-size: 1.5rem;\n  }\n}\n<\/style>\n\t<\/div>\n\t\n\n\t\t<\/div>\n\t\t\t\t\n<style>\n#col-270085569 > .col-inner {\n  margin: 0px 0px 50px 0px;\n}\n<\/style>\n\t<\/div>\n\n\t\n\n\t<div id=\"col-518194449\" class=\"col medium-6 small-6 large-6\"  data-animate=\"fadeInUp\">\n\t\t\t\t<div class=\"col-inner\"  >\n\t\t\t\n\t\t\t\n\n\t<div id=\"text-3525251676\" class=\"text\">\n\t\t\n\n<p class='mb-0'><i class=\"fa-solid fa-users fa-2xl\"><\/i><\/p>\n\t\t\n<style>\n#text-3525251676 {\n  font-size: 1.95rem;\n  text-align: center;\n  color: #308d3c;\n}\n#text-3525251676 > * {\n  color: #308d3c;\n}\n<\/style>\n\t<\/div>\n\t\n\t<div id=\"text-2833237409\" class=\"text\">\n\t\t\n\n<p class='mt-2'><strong>Orientaci\u00f3n al cliente<\/strong><\/p>\n\t\t\n<style>\n#text-2833237409 {\n  font-size: 1.2rem;\n  text-align: center;\n  color: rgb(0,0,0);\n}\n#text-2833237409 > * {\n  color: rgb(0,0,0);\n}\n@media (min-width:550px) {\n  #text-2833237409 {\n    font-size: 1.5rem;\n  }\n}\n<\/style>\n\t<\/div>\n\t\n\n\t\t<\/div>\n\t\t\t\t\t<\/div>\n\n\t\n\n<\/div>\n\n","protected":false},"excerpt":{"rendered":"","protected":false},"author":1,"featured_media":0,"parent":0,"menu_order":0,"comment_status":"closed","ping_status":"closed","template":"page-blank.php","meta":{"footnotes":""},"class_list":["post-21","page","type-page","status-publish","hentry"],"_links":{"self":[{"href":"https:\/\/malibubtlcr.com\/trigas\/wp-json\/wp\/v2\/pages\/21","targetHints":{"allow":["GET"]}}],"collection":[{"href":"https:\/\/malibubtlcr.com\/trigas\/wp-json\/wp\/v2\/pages"}],"about":[{"href":"https:\/\/malibubtlcr.com\/trigas\/wp-json\/wp\/v2\/types\/page"}],"author":[{"embeddable":true,"href":"https:\/\/malibubtlcr.com\/trigas\/wp-json\/wp\/v2\/users\/1"}],"replies":[{"embeddable":true,"href":"https:\/\/malibubtlcr.com\/trigas\/wp-json\/wp\/v2\/comments?post=21"}],"version-history":[{"count":0,"href":"https:\/\/malibubtlcr.com\/trigas\/wp-json\/wp\/v2\/pages\/21\/revisions"}],"wp:attachment":[{"href":"https:\/\/malibubtlcr.com\/trigas\/wp-json\/wp\/v2\/media?parent=21"}],"curies":[{"name":"wp","href":"https:\/\/api.w.org\/{rel}","templated":true}]}}